 4*d**2 + 2*d - 6. Let s be c(5). Suppose 29052*n - 164 = 29054*n. Let z = n + s. What is the remainder when 55 is divided by z?
11
Let z(i) be the second derivative of -i**5/20 - 8*i**4/3 - 31*i**3/6 + 15*i**2/2 - 9*i. What is the remainder when 39 is divided by z(-31)?
9
Suppose -2*f - 72*b = -70*b - 374, -971 = -5*f + 4*b. Calculate the remainder when 331 is divided by f.
140
Suppose -5*i - 4*q + 91 = 0, 6*i - 27 = 5*i - 3*q. Let p(j) = 89*j - 1. Calculate the remainder when p(1) is divided by i.
13
Let q(x) = 4*x**3 - 39*x**2 + 64*x + 32. What is the remainder when 1125 is divided by q(8)?
69
What is the remainder when -34 + 1852 - 15*(-14)/(-21) is divided by 73?
56
Let c(m) = 7*m**3 - 31*m**2 + 63*m - 5. Calculate the remainder when 558 is divided by c(2).
28
Suppose 0*o = -2*o + 12. Let j = -91890 - -91911. Calculate the remainder when j is divided by o.
3
Let o(v) be the first derivative of -v**2/2 + 36*v + 253. Let s be (-1 - 1)*27/(-6). Calculate the remainder when 53 is divided by o(s).
26
Let g be -12*(2/8 - (-21)/(-36)). Suppose 0 = -4*w + 7*w - 2*n + 59, g*n = -8. Let u = 29 + w. Calculate the remainder when 14 is divided by u.
6
Let u(m) = -m + 24. Let c be u(20). Suppose 2*j + j = c*g - 37, -j = -2*g + 19. Suppose 0 = -2*n + g*n - 80. Calculate the remainder when n is divided by 1.
0
Suppose -3*f + 31 = j - 213, -5*j = f - 1220. Let d = j - 149. What is the remainder when d is divided by 21?
11
Let h(w) = 352*w - 1612. Calculate the remainder when h(6) is divided by 68.
24
Let a = -10450 + 10462. Calculate the remainder when 37 is divided by a.
1
Calculate the remainder when 1663 is divided by 1/12 - (-13062)/504.
25
Suppose -3*s = 5*j - 1384, -6024*s + 1112 = 4*j - 6021*s. Suppose -296 = 2*m - 6*m - 5*w, 0 = 3*m + 2*w - 215. What is the remainder when j is divided by m?
65
Let v(b) = -15*b**2 + 10*b + 66. Let k(y) = -7*y**2 + 5*y + 33. Let a(q) = 13*k(q) - 6*v(q). What is the remainder when 130 is divided by a(5)?
31
Suppose -118*u - 1920 = -126*u. Let h = u - 231. Calculate the remainder when 57 is divided by h.
3
Calculate the remainder when ((-1032)/(-27))/(-2)*18/(-4) is divided by 30.
26
Suppose 3*q - 285 = -5*q + 171. Suppose 4*c + 269 = -c - 3*v, 2*c + 95 = 3*v. Let m = q - c. What is the remainder when m is divided by 22?
21
Suppose 36281 = -51*m + 124*m. Calculate the remainder when m is divided by 56.
49
Let l = 51 - 51. Suppose -2*u + 0*u + 5*y + 15 = l, -3*y = 4*u - 17. Suppose -14*w + 12*w + 6 = 0. What is the remainder when u is divided by w?
2
Let t(b) be the first derivative of -b**4/2 - 25*b**3/3 + 9*b**2/2 - 25*b + 33. Calculate the remainder when 117 is divided by t(-13).
9
Let s = 5290 - 5285. Calculate the remainder when 662 is divided by s.
2
Let p be 8/(-4)*(-4)/(4/2). Suppose 138 = -p*l + 6*l. Calculate the remainder when 206 is divided by l.
68
Let g(t) be the second derivative of -t**3/6 + 5*t**2 - 49*t. Let a be g(8). Suppose -7*k = -a*k - 180. What is the remainder when 69 is divided by k?
33
Let v be 1*(-7)/((-7)/(-3)) + 4. Let f(z) = 7 + v - 3*z + 0 + 4*z. Calculate the remainder when f(12) is divided by 11.
9
Let i be 20/110 - (84/(-22) + -2). Suppose 0 = -i*f + 152 + 124. Let k = 629 - 447. Calculate the remainder when k is divided by f.
44
Let f = -54 + 94. Suppose 553 = 8*r - r. Calculate the remainder when r is divided by f.
39
Suppose 208*d - 63610 = 6289 - 8123. What is the remainder when d is divided by 23?
21
Suppose -187*h + 287*h = 30100. What is the remainder when h is divided by 136?
29
Let u(t) = 13*t**2 + 557*t - 1109. What is the remainder when 99 is divided by u(2)?
42
Let q be 10/4 - (-5)/(0 + -10). Suppose -2*c + 3*n = -303, 13*c - 9*c - q*n = 610. What is the remainder when c is divided by 41?
30
Let z = 3359 + -2669. Calculate the remainder when z is divided by 200.
90
Suppose 0*i = -5*i + 45. Let g(y) = y**2 - 6*y + 25. Suppose 2*h = 3*j - 40, 2*h - h = -2. Calculate the remainder when g(j) is divided by i.
7
Let a = 21 + -14. Let n(d) = d**2 - d + 10. Let v = -226 - -237. Calculate the remainder when n(a) is divided by v.
8
Let w(s) = s**3 + 2*s**2 - 7*s - 6. What is the remainder when (-1050)/(-2 - 0) + -6 is divided by w(3)?
15
Let x(k) = -14*k + 1994. Calculate the remainder when x(72) is divided by 325.
11
Let a = -2590 + 4169. What is the remainder when a is divided by 24/(-84) - (468/(-21) - -2)?
19
Let v = 559 + -313. Suppose 722 - v = 7*q. Calculate the remainder when 249 is divided by q.
45
Let x be 513/135 - 2/(-10). Suppose -372 + 68 = -x*q. Calculate the remainder when q is divided by 7.
6
Let l be (7 - (-161)/(-35))*(-20)/6. Let k(c) be the first derivative of c**3/3 + 5*c**2/2 - 15*c + 1. Calculate the remainder when 34 is divided by k(l).
7
Let w(q) = 19*q**3 - 2*q + 1. Let j be -4 - ((-2)/(-2) - 17). Let o = j - 11. Calculate the remainder when 69 is divided by w(o).
15
What is the remainder when 204 is divided by (-105)/1120*-472*(-8)/(-2)?
27
Suppose 0 = 11*p + 698 - 852. What is the remainder when 510 is divided by p?
6
Let l(a) = -124*a - 10. Suppose 0 = -7*s + 6*s - 6. Calculate the remainder when l(-1) is divided by 5*5 + (-5 - s) + -3.
22
Suppose -u = -61 + 12. Let p = u - -5. Suppose 0 = 5*n - 6*n + 14. What is the remainder when p is divided by n?
12
Suppose b + 20 = -4*b, 2*b - 2402 = -5*g. Suppose 1038 = 8*t - g. What is the remainder when t*(1 + -1 + (-4)/(-8)) is divided by 14?
11
Suppose 0 = -4*z + 2*m - 1088, m = -26*z + 29*z + 817. Let b = z + 298. What is the remainder when 72 is divided by b?
22
Let y = -3786 + 3917. What is the remainder when 379 is divided by y?
117
Suppose 5*c - 29*h = -25*h + 291, 10*h = 5*c - 315. Calculate the remainder when 518 is divided by c.
23
Suppose -2*m = -217 - 9. Suppose -2*v - n = -52, -5*v = -5*n - 34 - 81. Suppose -t + v = -14. What is the remainder when m is divided by t?
35
Let n = 201 - 205. Calculate the remainder when 39 is divided by n*(-8 - -6 - 21/12).
9
Let t = -4943 + 4963. What is the remainder when 76 is divided by t?
16
Suppose -11*b - 4200 = -4*b. Let t be (-1 - -1 - 2) + b/(-15). Suppose 3*z - t = z. Calculate the remainder when z is divided by 6.
1
Let y(h) = -4*h**3 - 2*h**2 - 4*h - 11. Let v be y(-5). Suppose 2*d = -4*f + 182, 0 = -4*f + 6 - 18. Calculate the remainder when d is divided by (-2)/4 + v/18.
22
Let q be ((-9)/(-3) - -1) + 2 + 328. Let z = q - 327. What is the remainder when z is divided by 7?
0
Let f = -6324 - -7031. What is the remainder when f is divided by 99?
14
Suppose -111*r = -114*r + p + 40, -4*r + 80 = 4*p. Let a be (-362)/(-4) + 3/2. Let c = a + -50. What is the remainder when c is divided by r?
12
Suppose -2*a + 2*n + 7 = 39, -5*n + 68 = -4*a. Calculate the remainder when 73 is divided by 16 + ((-8)/a*-12 - -3).
7
Let c = -182 - -241. Suppose -10*u + c = -61. What is the remainder when 142 is divided by u?
10
Suppose 5*w + 677 = -23. Let k = w - -213. Suppose -75*i = -k*i - 38. Calculate the remainder when 92 is divided by i.
16
Let q be (9/(-3) + 793)/2. Let n = -327 + q. Let w(j) = j**2 + j + 12. Calculate the remainder when n is divided by w(0).
8
Suppose -23*u - 1457 = -5*h - 25*u, u = -4. Calculate the remainder when h is divided by 153.
140
Let u(q) be the second derivative of -2*q**3 + q**2/2 - q. Suppose 23 = d + 3*g, -4*d + g + 60 = 33. Calculate the remainder when u(-3) is divided by d.
5
Let u be (-4 + 5 + -2)*-3. Suppose h - 11 = -4*j, -u*j - 7 = 5*h + 6. Calculate the remainder when 41 is divided by j.
1
Suppose -3*f = -q - 346, 0 = -2*f + 3*q + 113 + 106. Suppose -46*y + 45*y = f. Let r = y - -300. What is the remainder when r is divided by 46?
45
Suppose 5*q - 173 = 3457. Calculate the remainder when q is divided by 43.
38
Suppose 3*u - 2*u = 53. Suppose 49 = -4*p - 3. Let s(v) = -v**2 - 14*v + 6. What is the remainder when u is divided by s(p)?
15
Suppose -i + 29 = -2*i + 3*x, 0 = -2*i - x - 51. Let d(c) = c + 46. What is the remainder when 58 is divided by d(i)?
18
Suppose -7*q + 989 - 586 = -1032. Calculate the remainder when 1023 is divided by q.
203
Let v = -139 + 42. Let p = -67 - v. Calculate the remainder when p is divided by 13.
4
Let m = -27 + 30. Suppose 5*l = -3*n + 60, -m*l - n + 45 = 13. What is the remainder when 27 is divided by 